{"id":813,"date":"2020-05-30T12:06:50","date_gmt":"2020-05-30T15:06:50","guid":{"rendered":"https:\/\/bigmacbook.local\/CloveOnline\/?page_id=813"},"modified":"2025-09-10T17:13:42","modified_gmt":"2025-09-10T20:13:42","slug":"regulamento-do-exame-2024","status":"publish","type":"page","link":"https:\/\/cloveonline.com\/?page_id=813&lang=pt","title":{"rendered":"Regulamento do Exame 2024"},"content":{"rendered":"\t<div id=\"gap-249448931\" class=\"gap-element clearfix\" style=\"display:block; height:auto;\">\n\t\t\n<style>\n#gap-249448931 {\n  padding-top: 35px;\n}\n<\/style>\n\t<\/div>\n\t\n<div class=\"row\"  id=\"row-987988752\">\n\n\t<div id=\"col-224169225\" class=\"col small-12 large-12\"  >\n\t\t\t\t<div class=\"col-inner\"  >\n\t\t\t\n\t\t\t\n<h3 style=\"text-align: center;\"><strong>PROCESSO DE EXAME DE CERTIFICA\u00c7\u00c3O DO COL\u00c9GIO LATINO-AMERICANO DE OFTALMOLOGISTAS VETERIN\u00c1RIOS (CLOVE)<\/strong><\/h3>\n<p>A seguir s\u00e3o apresentados os passos do processo de exame para os aspirantes a membros titulares do Col\u00e9gio Latino-americano de Oftalmologistas Veterin\u00e1rios. O exame implica o estado de \u201cCertifica\u00e7\u00e3o profissional\u201d, o que significa o reconhecimento por parte de uma Institui\u00e7\u00e3o reconhecida, de alguns aspectos considerados fundamentais na forma\u00e7\u00e3o e trajet\u00f3ria \u00e9tica e t\u00e9cnica do profissional. O Col\u00e9gio tamb\u00e9m oferece cursos de educa\u00e7\u00e3o continuada, com privil\u00e9gios e exclusividade para seus membros.<br \/>\nOs pr\u00e9-requisitos da certifica\u00e7\u00e3o baseiam-se na demonstra\u00e7\u00e3o da compet\u00eancia do aspirante em 3 n\u00edveis diferentes:<br \/>\n<strong>1) Compet\u00eancia t\u00e9cnica<\/strong>: possuir conhecimentos e habilidades atualizadas e baseadas na literatura.<br \/>\n<strong>2) Compet\u00eancia metodol\u00f3gica<\/strong>: capacidade para aplicar os conhecimentos e habilidades de maneira ordenada e com uma sequ\u00eancia l\u00f3gica para o atendimento do paciente e a sua comunica\u00e7\u00e3o cient\u00edfica.<br \/>\n<strong>3) Compet\u00eancia social<\/strong>: habilidade do profissional para se desenvolver em um amplo meio social a fim de oferecer o melhor atendimento ao paciente.<br \/>\nO profissional deve possuir tanto uma forma\u00e7\u00e3o espec\u00edfica por um determinado per\u00edodo de tempo, experi\u00eancia profissional e conhecimentos t\u00e9cnicos, destrezas e aptid\u00f5es no campo da sua especialidade, bem como estar capacitado para resolver problemas de maneira aut\u00f4noma.<br \/>\nA demonstra\u00e7\u00e3o de apenas conhecimentos t\u00e9cnicos \u00e9 insuficiente, em um sistema onde pretende-se gerar forma\u00e7\u00e3o direcionada por um programa de educa\u00e7\u00e3o. A experi\u00eancia profissional garante a maturidade do indiv\u00edduo atrav\u00e9s do aprendizado supervisionado e permite o desempenho do papel social que todo profissional deve ter.<\/p>\n<p>&nbsp;<\/p>\n<h4 style=\"text-align: center;\"><strong>A) PR\u00c9-REQUISITOS PARA A APRESENTA\u00c7\u00c3O DA SOLICITA\u00c7\u00c3O DO EXAME<\/strong><\/h4>\n<p>1. Possuir T\u00edtulo de Veterin\u00e1rio, M\u00e9dico Veterin\u00e1rio, Veterin\u00e1rio Zootecnista ou equivalente, outorgado por uma Universidade Nacional ou Particular reconhecida pelas autoridades educativas do pais de origem.<br \/>\n2. Possuir no m\u00ednimo 4 anos de obten\u00e7\u00e3o do t\u00edtulo profissional na data da apresenta\u00e7\u00e3o.<br \/>\n3. Possuir no m\u00ednimo 3 anos de exerc\u00edcio pr\u00e1tico da Oftalmologia Veterin\u00e1ria dos quais pelo menos 24 meses correspondam \u00e0 pratica supervisionada. Entende-se como pr\u00e1tica supervisionada aquela na qual houve interven\u00e7\u00e3o de um membro titular do CLOVE ou \u00f3rg\u00e3os semelhantes, orientador universit\u00e1rio qualificado Oftalmologia Veterin\u00e1ria ou de institui\u00e7\u00f5es reconhecidas. Este pr\u00e9-requisito deve ser comprovado irrefutavelmente, com uma declara\u00e7\u00e3o da institui\u00e7\u00e3o ou do orientador.<br \/>\n4. Apresentar Curriculum Vitae completo e nas normas estabelecidas em anexo (Anexo I).<br \/>\n5. Apresentar a solicita\u00e7\u00e3o com o aval de dois Membros Titulares do CLOVE, que deve orientar o candidato para a correta elabora\u00e7\u00e3o do curriculum vitae<br \/>\n6. Efetuar o pagamento da Matr\u00edcula para a Aplica\u00e7\u00e3o e Avalia\u00e7\u00e3o Curricular:\u00a0<a href=\"https:\/\/cloveonline.com\/?add-to-cart=7737\" target=\"_blank\" rel=\"noopener noreferrer\"><u><strong>100 d\u00f3lares<\/strong><\/u><\/a>.<br \/>\n7. Ap\u00f3s realizar o pagamento da matr\u00edcula, o Curriculum Vitae, juntamente com os documentos necess\u00e1rios, salvos em\u00a0*.pdf, devem ser encaminhados ao e-mail:\u00a0<a href=\"mailto:envios@cloveonline.com\" target=\"_blank\" rel=\"noopener noreferrer\">envios@cloveonline.com<\/a>.<br \/>\n<strong>N\u00c3O SER\u00c3O CONSIDERADAS AS SOLICITA\u00c7\u00d5ES QUE SEJAM APRESENTADAS AP\u00d3S A DATA LIMITE OU AS QUE N\u00c3O CUMPRAM COM ALGUM DOS PONTOS ACIMA CITADOS.<\/strong><\/p>\n<p>&nbsp;<\/p>\n<h4 style=\"text-align: center;\"><strong>B) PROCESSO DE EXAME<\/strong><\/h4>\n<p>1. Realizar o pagamento para a prova Te\u00f3rico-pr\u00e1tica:\u00a0<a href=\"https:\/\/cloveonline.com\/?add-to-cart=7735\" target=\"_blank\" rel=\"noopener noreferrer\"><u><strong>150 d\u00f3lares<\/strong><\/u><\/a>.<br \/>\n2. Prova te\u00f3rico-pr\u00e1tica formada por 3 partes (ANEXO II):<br \/>\nPrimeiro dia: prova escrita de m\u00faltipla escolha.<br \/>\nSegundo dia: prova escrita de reconhecimento fotogr\u00e1fico.<br \/>\nTerceiro dia: prova pr\u00e1tica. Conta da realiza\u00e7\u00e3o de procedimentos cir\u00fargicos (macro e microcirurgias).<br \/>\nAs 3 partes ser\u00e3o realizadas na mesma convocat\u00f3ria em tr\u00eas dias consecutivos, no caso do candidato ser reprovado nas provas te\u00f3ricas ou pr\u00e1tica poder\u00e1 realizar o exame somente da parte reprovada na convocat\u00f3ria seguinte.<\/p>\n<p>&nbsp;<\/p>\n<h4 style=\"text-align: center;\"><strong>C) CALEND\u00c1RIO<\/strong><\/h4>\n<p>De 1 de janeiro a 31 de maio de 2024: pagamento da inscri\u00e7\u00e3o, envio da solicita\u00e7\u00e3o e curriculum vitae.<br \/>\nAt\u00e9 30 de junho de 2024: comunica\u00e7\u00e3o dos aprovados.<br \/>\n<strong>DATAS DE EXAME: 5, 6 e 7 DE MAIO DE 2025.<\/strong><br \/>\nA prova te\u00f3rico-pr\u00e1tica ser\u00e1 realizada em dois ou mais locais simultaneamente. O pagamento do exame dever\u00e1 ser efetuado at\u00e9 3 meses antes da data da prova, atrav\u00e9s do site do CLOVE.<br \/>\nOs valores correspondentes ao pagamento das taxas n\u00e3o ser\u00e3o devolvidos de forma alguma aos aspirantes cujas solicita\u00e7\u00f5es sejam negadas ou tenham reprovado em alguma das partes do processo de exame, ou tenham retirado suas solicita\u00e7\u00f5es.<br \/>\nO calend\u00e1rio poder\u00e1 sofrer modifica\u00e7\u00f5es pertinentes de acordo \u00e0s circunst\u00e2ncias que sejam necess\u00e1rias. Toda modifica\u00e7\u00e3o ser\u00e1 previamente comunicada.<\/p>\n<p><strong>Estimados candidatos ao CLOVE.<\/strong><br \/>\nO novo processo para certifica\u00e7\u00e3o agora consiste em uma an\u00e1lise curricular e, se o candidato \u00e9 aprovado, segue para a prova que consta de tr\u00eas fases, duas te\u00f3ricas (m\u00faltipla escolha e slides) e uma pr\u00e1tica.<\/p>\n<p>Os candidatos far\u00e3o as tr\u00eas provas em dias consecutivos, no local pr\u00e9-determinado pelo Col\u00e9gio. O candidato que reprovar em uma ou mais de uma prova, poder\u00e1 refazer apenas a prova em que foi reprovado, na convocat\u00f3ria seguinte, mediante pagamento referente a prova te\u00f3rico-pr\u00e1tica, que deve ser realizado at\u00e9 3 meses antes da data da prova.<\/p>\n<p>&nbsp;<\/p>\n<p>&nbsp;<\/p>\n<h4 style=\"text-align: center;\"><strong>ANEXO I<\/strong><\/h4>\n<p>Formato de apresenta\u00e7\u00e3o e pr\u00e9-requisitos necess\u00e1rios ao Curr\u00edculo:<br \/>\nO Curr\u00edculo dever\u00e1 ser apresentado escrito em espanhol ou portugu\u00eas e ser enviado ao secret\u00e1rio do CLOVE por correio eletr\u00f4nico em arquivo, salvo em\u00a0<strong>*.pdf<\/strong>, dentro do prazo estabelecido, sem exce\u00e7\u00f5es. A apresenta\u00e7\u00e3o seguir\u00e1 o seguinte formato:<br \/>\n<strong>1. DADOS PESSOAIS.<\/strong><br \/>\nNome e sobrenome, data de nascimento, endere\u00e7o residencial e de trabalho, telefones e e-mail.<br \/>\n<strong>2. TITULO DE GRADUA\u00c7\u00c3O.<\/strong><br \/>\nDenomina\u00e7\u00e3o do T\u00edtulo, institui\u00e7\u00e3o que outorgou e data de obten\u00e7\u00e3o.<br \/>\n<strong>3. T\u00cdTULOS DE P\u00d3S-GRADUA\u00c7\u00c3O\u00a0(m\u00e1ximo 30 pontos) (n\u00e3o obrigat\u00f3rio).<\/strong><br \/>\nEspecializa\u00e7\u00e3o, Mestrado ou Doutorado (PhD) com orienta\u00e7\u00e3o na \u00e1rea de Oftalmologia. Especificar a institui\u00e7\u00e3o onde foi obtido, t\u00edtulo da tese e data de obten\u00e7\u00e3o.Pontos: curso de especializa\u00e7\u00e3o (5 pontos), Mestrado (10 pontos) e Doutorado (15 pontos).<br \/>\n<strong>4. ATIVIDADE DOCENTE UNIVERSIT\u00c1RIA\u00a0(m\u00e1ximo 15 pontos) (n\u00e3o obrigat\u00f3rio).<\/strong><br \/>\nEspecificar a institui\u00e7\u00e3o, dedica\u00e7\u00e3o hor\u00e1ria semanal, dura\u00e7\u00e3o no cargo, e datas de ingresso e egresso. Os professores de Universidades Nacionais ou de institui\u00e7\u00f5es reconhecidas a n\u00edvel nacional obter\u00e3o a seguinte pontua\u00e7\u00e3o:Professores com dedica\u00e7\u00e3o integral (m\u00ednimo 35 horas semanais): 3 pontos por ano.Professores com dedica\u00e7\u00e3o parcial (m\u00ednimo 25 horas semanais): 1,5 pontos por ano.Professores contratados por hora: 0,75 pontos por ano.Profissionais associados \u00e0 doc\u00eancia sem cargo de professor: 0,75 pontos por ano.<br \/>\n<strong>5. EXERCICIO PROFISSIONAL NA \u00c1REA DE OFTALMOLOGIA VETERIN\u00c1RIA\u00a0(m\u00ednimo 6 pontos, m\u00e1ximo 15 pontos) (OBRIGAT\u00d3RIO).<\/strong><br \/>\nIncluir resid\u00eancias, est\u00e1gios, visitas a centros profissionais. Especificar institui\u00e7\u00e3o, dura\u00e7\u00e3o total em horas, data e atividade realizada.<br \/>\n5.1 Atividade profissional direcionada: Resid\u00eancias, est\u00e1gios ou semelhantes at\u00e9 no m\u00e1ximo 1 ponto a cada 300 horas (considerando um ano: 1500 horas efetivas).<br \/>\n5.2 Atividade profissional independente: 3 pontos por ano.<br \/>\n<strong>6. CURSOS DE P\u00d3S-GRADUA\u00c7\u00c3O\u00a0(m\u00ednimo 15 pontos) (OBRIGAT\u00d3RIO).<\/strong><br \/>\nApenas ser\u00e3o considerados neste ponto cursos de p\u00f3s-gradua\u00e7\u00e3o na \u00e1rea de oftalmologia, incluindo as disciplinas realizadas durante o mesmo (stricto ou latu sensu). N\u00e3o ser\u00e1 considerada a participa\u00e7\u00e3o em congressos, jornadas, semin\u00e1rios, etc. de tem\u00e1tica geral, mesmo contendo oftalmologia no programa, os quais ser\u00e3o inclu\u00eddos no ponto 9. Especificar o nome do curso, institui\u00e7\u00e3o organizadora, data de realiza\u00e7\u00e3o, dura\u00e7\u00e3o em horas, com ou sem avalia\u00e7\u00e3o. Aqueles cursos que n\u00e3o possu\u00edrem toda a informa\u00e7\u00e3o solicitada n\u00e3o ser\u00e3o levados em conta.Seguir\u00e3o a seguinte pontua\u00e7\u00e3o:<br \/>\n6.1 Cursos presenciais com avalia\u00e7\u00e3o: 1 ponto a cada 5 horas.<br \/>\n6.2 Cursos on-line com avalia\u00e7\u00e3o: 0,5 ponto a cada 5 horas.<br \/>\n6.3 Cursos presenciais sem avalia\u00e7\u00e3o: 1 ponto a cada 10 horas.<br \/>\n6.4 Cursos on-line sem avalia\u00e7\u00e3o: 0,5 ponto a cada 10 horas.<br \/>\n<strong>7. PUBLICA\u00c7\u00d5ES\u00a0 (n\u00e3o obrigat\u00f3rio).<\/strong><br \/>\nRefere-se aos trabalhos publicados em revistas cient\u00edficas, n\u00e3o incluindo as apresenta\u00e7\u00f5es em congressos e os seus resumos nos anais dos mesmos. As publica\u00e7\u00f5es v\u00e1lidas s\u00e3o somente aquelas relacionadas \u00e0 especialidade.\u00a0<a href=\"https:\/\/onlinelibrary.wiley.com\/page\/journal\/14635224\/homepage\/ForAuthors.html\" target=\"_blank\" rel=\"noopener noreferrer\"><u>O formato deve seguir as instru\u00e7\u00f5es sobre bibliografia para autores da revista Veterinary Ophthalmology<\/u><\/a>.<br \/>\n7.1 Publica\u00e7\u00f5es com avalia\u00e7\u00e3o (revistas indexadas):<br \/>\nComo 1o. autor: 6 pontos por publica\u00e7\u00e3o.<br \/>\nComo co-autor: 4 pontos por publica\u00e7\u00e3o.<br \/>\n7.2 Publica\u00e7\u00f5es sem avalia\u00e7\u00e3o (n\u00e3o indexadas):<br \/>\nComo 1o. autor: 2 pontos por publica\u00e7\u00e3o.<br \/>\nComo co-autor: 1 ponto por publica\u00e7\u00e3o.<br \/>\n7.3 Livros, cap\u00edtulos de livro: at\u00e9 5 pontos por cap\u00edtulo, n\u00e3o ultrapassando 10 pontos por livro. 10 pontos por editor de livro.<br \/>\n7.4. Guias de estudos, apostilas ou material de doc\u00eancias: at\u00e9 2 pontos no total.<br \/>\n<strong>8. APRESENTA\u00c7\u00d5ES EM CONGRESSOS OU EVENTOS SIMILARES\u00a0(m\u00ednimo 6 pontos) (OBRIGAT\u00d3RIO).<\/strong><br \/>\nSer\u00e3o considerados os resumos publicados nos anais e relacionadas \u00e0 especialidade. Mencionar autores completos, nome do evento, lugar, data e p\u00e1gina de publica\u00e7\u00e3o do resumo nos anais do evento.Como 1o. autor: 3 pontos por apresenta\u00e7\u00e3o.Como coautor: 1,5 pontos por apresenta\u00e7\u00e3o.<br \/>\n<strong>9. OUTROS (m\u00ednimo 6 pontos m\u00e1ximo 20 pontos) (OBRIGAT\u00d3RIO).<\/strong><br \/>\nNeste item ser\u00e3o considerados: cursos, confer\u00eancias, mesas redondas, etc., com a participa\u00e7\u00e3o do postulante. Participa\u00e7\u00e3o em Congressos, Jornadas, etc. Inova\u00e7\u00f5es tecnol\u00f3gicas, desenvolvimento de t\u00e9cnicas, patentes, etc. Qualquer outra atividade relacionada com o desenvolvimento da Oftalmologia Veterin\u00e1ria. Por favor s\u00f3 inclua as atividades relacionada \u00e0 Oftalmologia.Ser\u00e3o considerados: 1 ponto por evento.<br \/>\nParticipa\u00e7\u00e3o em Congressos CLOVE, ACVO, ECVO e CBOV: 3 pontos por evento.<\/p>\n<p><strong>ESCLARECIMENTOS<\/strong><br \/>\nOs pontos 5, 6, 8 e 9 s\u00e3o obrigat\u00f3rios, portanto o candidato dever\u00e1 conseguir a pontua\u00e7\u00e3o m\u00ednima estipulada para cada caso.<br \/>\nPara a admiss\u00e3o no processo de exame o candidato dever\u00e1 reunir a pontua\u00e7\u00e3o m\u00ednima total de 60 pontos, nos quais est\u00e3o inclusos os 33 pontos obrigat\u00f3rios.<br \/>\nSe a pontua\u00e7\u00e3o m\u00ednima solicitada n\u00e3o for alcan\u00e7ada pelo candidato, este poder\u00e1 apresentar novamente sua solicita\u00e7\u00e3o na seguinte convocat\u00f3ria. N\u00e3o ser admitido n\u00e3o gerar\u00e1 nenhum antecedente contra o candidato.<br \/>\nOs comprovantes que validem cada ponto poder\u00e3o ser requeridos pela Comiss\u00e3o de Exame. N\u00e3o ser\u00e1 considerada toda aquela informa\u00e7\u00e3o que n\u00e3o for apresentada segundo o formato solicitado. N\u00e3o ser\u00e3o considerados os dados apresentados de forma incompleta (por exemplo: aus\u00eancia da quantidade de horas de um curso de p\u00f3s-gradua\u00e7\u00e3o).<br \/>\n<strong>N\u00c3O SER\u00c3O CONSIDERADOS OS CURRICULOS QUE N\u00c3O SE ENQUADREM NO FORMATO SOLICITADO.<\/strong><br \/>\nAp\u00f3s realizar o pagamento da inscri\u00e7\u00e3o da avalia\u00e7\u00e3o curricular os seguintes documentos, salvos em\u00a0<strong>.pdf<\/strong>, devem ser encaminhados ao email:\u00a0<a href=\"mailto:envios@cloveonline.com\" target=\"_blank\" rel=\"noopener noreferrer\"><u>envios@cloveonline.com<\/u><\/a>:<br \/>\n\u2013 Declara\u00e7\u00e3o da pr\u00e1tica supervisionada, de no m\u00ednimo 24 meses, do orientador (membro do CLOVE ou similar) ou institui\u00e7\u00e3o reconhecida.<br \/>\n\u2013 Curriculum Vitae.<br \/>\n\u2013 Carta de recomenda\u00e7\u00e3o de dois Membros Titulares do CLOVE.<\/p>\n<p>&nbsp;<\/p>\n<h4 style=\"text-align: center;\"><strong>ANEXO II<\/strong><\/h4>\n<p><strong>Exame Te\u00f3rico-Pr\u00e1tico<\/strong><br \/>\nSugest\u00f5es bibliogr\u00e1ficas para o estudo direcionado ao exame te\u00f3rico:<br \/>\nGelatt, KN; Gilger, BC; Kern, TJ. Veterinary Ophthalmology. 6a. Edi\u00e7\u00e3o (2021).<br \/>\nMaggs, DJ; Miller PE; Ofri, R. Slatter\u00b4s Fundamentals of Veterinary Ophthalmology. 6a. Edi\u00e7\u00e3o (2018).<br \/>\nVeterinary Ophthalmology Journal \u2013 The oficial journal of the ACVO.<br \/>\n<strong>Exame Pr\u00e1tico<\/strong><br \/>\nO exame pr\u00e1tico consiste na avalia\u00e7\u00e3o da compet\u00eancia do candidato nas t\u00e9cnicas cir\u00fargicas e microcir\u00fargicas.Assim como conhecimento te\u00f3rico das mesmas. Poder\u00e3o ser solicitadas as seguintes t\u00e9cnicas:<br \/>\n<strong>T\u00e9cnicas palpebrais<\/strong>:<br \/>\n1. Kuhnt \u2013 Szymanowski modificado por Munger ou Bedford.<br \/>\n2. H Plastia.<br \/>\n3. Flap rotacional.<br \/>\n4. T\u00e9cnica de Bigelbach.<br \/>\n5. Cantoplastia medial.<br \/>\n<strong>T\u00e9cnicas microcir\u00fargicas\u00a0(corneal e intraocular)<\/strong>:<br \/>\n1. Flaps conjuntivais ou transposi\u00e7\u00e3o c\u00f3rneo-conjuntival<br \/>\n2. Extra\u00e7\u00e3o extra capsular do cristalino.<br \/>\nPara as t\u00e9cnicas palpebrais estar\u00e3o dispon\u00edveis cad\u00e1veres de porco, c\u00e3es ou coelhos.<br \/>\nPara as t\u00e9cnicas microcir\u00fargicas, estar\u00e3o dispon\u00edveis olhos de porco e um microsc\u00f3pio cir\u00fargico.<br \/>\nOs candidatos ter\u00e3o um m\u00e1ximo de 50 minutos para completar cada procedimento. N\u00e3o ser\u00e1 exigida antissepsia nos procedimentos.<br \/>\nCada candidato dever\u00e1 trazer todo o material necess\u00e1rio para os procedimentos, incluindo instrumental cir\u00fargico, solu\u00e7\u00e3o para irriga\u00e7\u00e3o, seringas, agulhas, material de sutura, bisturis, luvas, lupas de pala, etc.<br \/>\n<strong>A FALTA DE MATERIAL NECESS\u00c1RIO PODE RESULTAR NA REPROVA\u00c7\u00c3O DO CANDIDATO. OS EXAMINADORES N\u00c3O FORNECER\u00c3O NENHUM MATERIAL, INCLUINDO MATERIAIS DESCART\u00c1VEIS.<\/strong><\/p>\n\t\t<\/div>\n\t\t\t\t\t<\/div>\n\n\t\n<\/div>\n\t<div id=\"gap-1776605286\" class=\"gap-element clearfix\" style=\"display:block; height:auto;\">\n\t\t\n<style>\n#gap-1776605286 {\n  padding-top: 70px;\n}\n<\/style>\n\t<\/div>\n\t\n","protected":false},"excerpt":{"rendered":"","protected":false},"author":1,"featured_media":0,"parent":0,"menu_order":2,"comment_status":"open","ping_status":"closed","template":"","meta":{"footnotes":""},"class_list":["post-813","page","type-page","status-publish","hentry"],"yoast_head":"<!-- This site is optimized with the Yoast SEO plugin v25.9 - https:\/\/yoast.com\/wordpress\/plugins\/seo\/ -->\n<title>Regulamento do Exame 2024 - CLOVE<\/title>\n<meta name=\"robots\" content=\"index, follow, max-snippet:-1, max-image-preview:large, max-video-preview:-1\" \/>\n<link rel=\"canonical\" href=\"https:\/\/cloveonline.com\/?page_id=813&lang=pt\" \/>\n<meta property=\"og:locale\" content=\"pt_BR\" \/>\n<meta property=\"og:type\" content=\"article\" \/>\n<meta property=\"og:title\" content=\"Regulamento do Exame 2024 - CLOVE\" \/>\n<meta property=\"og:url\" content=\"https:\/\/cloveonline.com\/?page_id=813&amp;lang=pt\" \/>\n<meta property=\"og:site_name\" content=\"CLOVE\" \/>\n<meta property=\"article:modified_time\" content=\"2025-09-10T20:13:42+00:00\" \/>\n<meta name=\"twitter:card\" content=\"summary_large_image\" \/>\n<meta name=\"twitter:label1\" content=\"Est. tempo de leitura\" \/>\n\t<meta name=\"twitter:data1\" content=\"10 minutos\" \/>\n<script type=\"application\/ld+json\" class=\"yoast-schema-graph\">{\"@context\":\"https:\/\/schema.org\",\"@graph\":[{\"@type\":\"WebPage\",\"@id\":\"https:\/\/cloveonline.com\/?page_id=813&lang=pt\",\"url\":\"https:\/\/cloveonline.com\/?page_id=813&lang=pt\",\"name\":\"Regulamento do Exame 2024 - CLOVE\",\"isPartOf\":{\"@id\":\"https:\/\/cloveonline.com\/#website\"},\"datePublished\":\"2020-05-30T15:06:50+00:00\",\"dateModified\":\"2025-09-10T20:13:42+00:00\",\"breadcrumb\":{\"@id\":\"https:\/\/cloveonline.com\/?page_id=813&lang=pt#breadcrumb\"},\"inLanguage\":\"pt-BR\",\"potentialAction\":[{\"@type\":\"ReadAction\",\"target\":[\"https:\/\/cloveonline.com\/?page_id=813&lang=pt\"]}]},{\"@type\":\"BreadcrumbList\",\"@id\":\"https:\/\/cloveonline.com\/?page_id=813&lang=pt#breadcrumb\",\"itemListElement\":[{\"@type\":\"ListItem\",\"position\":1,\"name\":\"Portada\",\"item\":\"https:\/\/cloveonline.com\/\"},{\"@type\":\"ListItem\",\"position\":2,\"name\":\"Regulamento do Exame 2024\"}]},{\"@type\":\"WebSite\",\"@id\":\"https:\/\/cloveonline.com\/#website\",\"url\":\"https:\/\/cloveonline.com\/\",\"name\":\"CLOVE\",\"description\":\"Colegio Latinoamericano de Oftalm\u00f3logos Veterinarios\",\"potentialAction\":[{\"@type\":\"SearchAction\",\"target\":{\"@type\":\"EntryPoint\",\"urlTemplate\":\"https:\/\/cloveonline.com\/?s={search_term_string}\"},\"query-input\":{\"@type\":\"PropertyValueSpecification\",\"valueRequired\":true,\"valueName\":\"search_term_string\"}}],\"inLanguage\":\"pt-BR\"}]}<\/script>\n<!-- \/ Yoast SEO plugin. -->","yoast_head_json":{"title":"Regulamento do Exame 2024 - CLOVE","robots":{"index":"index","follow":"follow","max-snippet":"max-snippet:-1","max-image-preview":"max-image-preview:large","max-video-preview":"max-video-preview:-1"},"canonical":"https:\/\/cloveonline.com\/?page_id=813&lang=pt","og_locale":"pt_BR","og_type":"article","og_title":"Regulamento do Exame 2024 - CLOVE","og_url":"https:\/\/cloveonline.com\/?page_id=813&lang=pt","og_site_name":"CLOVE","article_modified_time":"2025-09-10T20:13:42+00:00","twitter_card":"summary_large_image","twitter_misc":{"Est. tempo de leitura":"10 minutos"},"schema":{"@context":"https:\/\/schema.org","@graph":[{"@type":"WebPage","@id":"https:\/\/cloveonline.com\/?page_id=813&lang=pt","url":"https:\/\/cloveonline.com\/?page_id=813&lang=pt","name":"Regulamento do Exame 2024 - CLOVE","isPartOf":{"@id":"https:\/\/cloveonline.com\/#website"},"datePublished":"2020-05-30T15:06:50+00:00","dateModified":"2025-09-10T20:13:42+00:00","breadcrumb":{"@id":"https:\/\/cloveonline.com\/?page_id=813&lang=pt#breadcrumb"},"inLanguage":"pt-BR","potentialAction":[{"@type":"ReadAction","target":["https:\/\/cloveonline.com\/?page_id=813&lang=pt"]}]},{"@type":"BreadcrumbList","@id":"https:\/\/cloveonline.com\/?page_id=813&lang=pt#breadcrumb","itemListElement":[{"@type":"ListItem","position":1,"name":"Portada","item":"https:\/\/cloveonline.com\/"},{"@type":"ListItem","position":2,"name":"Regulamento do Exame 2024"}]},{"@type":"WebSite","@id":"https:\/\/cloveonline.com\/#website","url":"https:\/\/cloveonline.com\/","name":"CLOVE","description":"Colegio Latinoamericano de Oftalm\u00f3logos Veterinarios","potentialAction":[{"@type":"SearchAction","target":{"@type":"EntryPoint","urlTemplate":"https:\/\/cloveonline.com\/?s={search_term_string}"},"query-input":{"@type":"PropertyValueSpecification","valueRequired":true,"valueName":"search_term_string"}}],"inLanguage":"pt-BR"}]}},"_links":{"self":[{"href":"https:\/\/cloveonline.com\/index.php?rest_route=\/wp\/v2\/pages\/813","targetHints":{"allow":["GET"]}}],"collection":[{"href":"https:\/\/cloveonline.com\/index.php?rest_route=\/wp\/v2\/pages"}],"about":[{"href":"https:\/\/cloveonline.com\/index.php?rest_route=\/wp\/v2\/types\/page"}],"author":[{"embeddable":true,"href":"https:\/\/cloveonline.com\/index.php?rest_route=\/wp\/v2\/users\/1"}],"replies":[{"embeddable":true,"href":"https:\/\/cloveonline.com\/index.php?rest_route=%2Fwp%2Fv2%2Fcomments&post=813"}],"version-history":[{"count":19,"href":"https:\/\/cloveonline.com\/index.php?rest_route=\/wp\/v2\/pages\/813\/revisions"}],"predecessor-version":[{"id":8917,"href":"https:\/\/cloveonline.com\/index.php?rest_route=\/wp\/v2\/pages\/813\/revisions\/8917"}],"wp:attachment":[{"href":"https:\/\/cloveonline.com\/index.php?rest_route=%2Fwp%2Fv2%2Fmedia&parent=813"}],"curies":[{"name":"wp","href":"https:\/\/api.w.org\/{rel}","templated":true}]}}