{"id":8695,"date":"2025-08-18T12:58:56","date_gmt":"2025-08-18T15:58:56","guid":{"rendered":"https:\/\/cloveonline.com\/?page_id=8695"},"modified":"2025-09-17T09:10:57","modified_gmt":"2025-09-17T12:10:57","slug":"12o-congresso-merida-yucatan-mexico-junho-de-2025","status":"publish","type":"page","link":"https:\/\/cloveonline.com\/?page_id=8695&lang=pt","title":{"rendered":"12\u00ba Congresso, M\u00e9rida, Yucat\u00e1n, M\u00e9xico. Junho de 2025."},"content":{"rendered":"<div class=\"row\"  id=\"row-535241269\">\n\n\t<div id=\"col-1956007778\" class=\"col small-12 large-12\"  >\n\t\t\t\t<div class=\"col-inner\"  >\n\t\t\t\n\t\t\t\n<p>Este congresso foi realizado em M\u00e9rida, Yucat\u00e1n. Esta cidade foi reconhecida como a segunda cidade mais segura das Am\u00e9ricas e a 30\u00aa do mundo, de acordo com o ranking da revista especializada CEOWorld Magazine, em 2024. Pela primeira vez em nossa hist\u00f3ria, este evento contou com duas salas simultaneamente.<\/p>\n<h3><strong>Avan\u00e7ado<\/strong><\/h3>\n<p>As principais apresenta\u00e7\u00f5es foram feitas por membros do ACVO (Col\u00e9gio Americano de Oftalmologistas Veterin\u00e1rios):<br \/>\n&#8211; DACVO Enri Garc\u00eda;<br \/>\n&#8211; DACVO DCLOVE Eva Abarca Piedrafita;<br \/>\n&#8211; DACVO DCLOVE Gustavo Adolfo Garc\u00eda S\u00e1nchez;<br \/>\n&#8211; e membro do ECVO (Col\u00e9gio Europeu de Oftalmologistas Veterin\u00e1rios): DECVO Ingrid Allgoewer.<\/p>\n<p><img loading=\"lazy\" decoding=\"async\" class=\"alignnone size-full wp-image-8690\" src=\"https:\/\/cloveonline.com\/wp-content\/uploads\/2025\/08\/2025Merida01.jpg\" alt=\"\" width=\"1400\" height=\"904\" srcset=\"https:\/\/cloveonline.com\/wp-content\/uploads\/2025\/08\/2025Merida01.jpg 1400w, https:\/\/cloveonline.com\/wp-content\/uploads\/2025\/08\/2025Merida01-510x329.jpg 510w, https:\/\/cloveonline.com\/wp-content\/uploads\/2025\/08\/2025Merida01-300x194.jpg 300w, https:\/\/cloveonline.com\/wp-content\/uploads\/2025\/08\/2025Merida01-1024x661.jpg 1024w, https:\/\/cloveonline.com\/wp-content\/uploads\/2025\/08\/2025Merida01-768x496.jpg 768w\" sizes=\"auto, (max-width: 1400px) 100vw, 1400px\" \/><\/p>\n<p>Apresenta\u00e7\u00f5es curtas de estudos oftalmol\u00f3gicos e casos cl\u00ednicos tamb\u00e9m foram apresentadas por participantes da Argentina, M\u00e9xico, Peru, Guatemala, Col\u00f4mbia e Brasil.<\/p>\n<p>Outra novidade foi a realiza\u00e7\u00e3o de tr\u00eas mesas redondas com membros certificados da nossa Faculdade e a participa\u00e7\u00e3o do p\u00fablico, abordando os temas \u00dalceras Complicadas, Enxertos de C\u00f3rnea e Cirurgia de Catarata.<\/p>\n<h3><strong>B\u00e1sico<\/strong><\/h3>\n<p>Esta sala contou com 19 palestras principais, todas ministradas por graduados da nossa Faculdade, destinadas a veterin\u00e1rios cl\u00ednicos. A palestra proporcionou uma compreens\u00e3o mais clara da oftalmologia veterin\u00e1ria, enfatizando suas diferen\u00e7as em rela\u00e7\u00e3o \u00e0 oftalmologia humana, capacitando-os a tratar melhor seus pacientes.<\/p>\n<p>Durante este evento, os nove novos membros do CLOVE, aprovados em nosso rigoroso exame de admiss\u00e3o, foram oficialmente apresentados. Estes foram:<br \/>\n&#8211; Eugenia Berm\u00fadez de Costa Rica;<br \/>\n&#8211; Andr\u00e9s Botello B\u00e1rcenas de M\u00e9xico;<br \/>\n&#8211; Francisco Benavides de M\u00e9xico:<br \/>\n&#8211; Lilian Yineth L\u00f3pez Mart\u00ednez de Colombia;<br \/>\n&#8211; Carolina Gabriela Salas de Argentina;<br \/>\n&#8211; Gabriela Madruga de Brasil;<br \/>\n&#8211; Ana Carolina Rodarte de Brasil;<br \/>\n&#8211; Ana Lucia Pascoli de Brasil;<br \/>\n&#8211; Micaela Gordon Gandolfi de Brasil.<\/p>\n<p><img loading=\"lazy\" decoding=\"async\" class=\"alignnone size-full wp-image-8691\" src=\"https:\/\/cloveonline.com\/wp-content\/uploads\/2025\/08\/2025Merida02.jpg\" alt=\"\" width=\"1400\" height=\"494\" srcset=\"https:\/\/cloveonline.com\/wp-content\/uploads\/2025\/08\/2025Merida02.jpg 1400w, https:\/\/cloveonline.com\/wp-content\/uploads\/2025\/08\/2025Merida02-510x180.jpg 510w, https:\/\/cloveonline.com\/wp-content\/uploads\/2025\/08\/2025Merida02-300x106.jpg 300w, https:\/\/cloveonline.com\/wp-content\/uploads\/2025\/08\/2025Merida02-1024x361.jpg 1024w, https:\/\/cloveonline.com\/wp-content\/uploads\/2025\/08\/2025Merida02-768x271.jpg 768w\" sizes=\"auto, (max-width: 1400px) 100vw, 1400px\" \/><\/p>\n\t\t<\/div>\n\t\t\t\t\t<\/div>\n\n\t\n<\/div>\n<h3>Resumenes | Resumos<\/h3>\n<hr \/>\n<div class=\"row\"  id=\"row-1350282784\">\n\n\t<div id=\"col-356271369\" class=\"col medium-6 large-6\"  >\n\t\t\t\t<div class=\"col-inner\"  >\n\t\t\t\n\t\t\t\n<p><strong>A new surgical technique for removal of periocular hypertrophic fat package and ventral entropion in Vietnamese pig.<\/strong> (LJ Alcal\u00e1, AM Benavides, E Hern\u00e1ndez, LE Espinoza, LA De Le\u00f3n)<\/p>\n<p><strong>Abordaje terap\u00e9utico para cuerpo extra\u00f1o ocular. Reporte de un caso.<\/strong> (DA Arriaga Mandujano)<\/p>\n<p><strong>Adenoma de corpo ciliar em c\u00e3o: relato de caso destacando o diagn\u00f3stico precoce e a preserva\u00e7\u00e3o do globo ocular.<\/strong> (NMB Dower, CB Barbosa, JOT de Souza, LG Vieira, TLT Gon\u00e7alves, I Toniolo, MMR Deus)<\/p>\n<p><strong>Administraci\u00f3n de citrato de sildenafil atenua los cambios morfol\u00f3gicos en la retina lesi\u00f3n por isquemia\/ reperfusi\u00f3n en ratas en \u2013 estudio preliminar.<\/strong> (LR Macedo,DS Zanoni, GA DA Silva, LG Rivera-Calderon, J.G Quitzan, JL Laus, JLR Laufer-Amorim)<\/p>\n<p><strong>Aislamiento de Alfaherpesvirus felino 1 y detecci\u00f3n de anticuerpos en gatos dom\u00e9sticos con sinolog\u00eda ocular, en la Ciudad De La Plata, provincia de Buenos Aires, Argentina.<\/strong> (P Cassagne, VE De Palma, GL Zapata, NA Fuentealba)<\/p>\n<p><strong>Avalia\u00e7\u00e3o da c\u00f3rnea de c\u00e3es saud\u00e1veis e com doen\u00e7a do olho seco atrav\u00e9s da tomografia de coer\u00eancia \u00f3ptica.<\/strong> (FLC Brito, MFXS Rocha, JN Voitena, F Montiani-Ferreira)<\/p>\n<p><strong>Avalia\u00e7\u00e3o de par\u00e2metros da tomografia de coer\u00eancia \u00f3ptica em buldogues franceses.<\/strong> (RL. Carvalho, FLC Brito, MFX Rocha, F Montiani-Ferreira, A Kuner)<\/p>\n<p><strong>Blefaroplastia en h para el tratamiento de una neoplasia palpebral viral en un conejo<\/strong> (Oryctolagus cuniculus). (J L Lozano P\u00e9rez)<\/p>\n<p><strong>Caracterizaci\u00f3n cl\u00ednica y respuesta a distintos tratamientos en caninos afectados por \u00falcera corneal de evoluci\u00f3n t\u00f3rpida en cl\u00ednica OVC (2015-2022): estudio retrospectivo.<\/strong> (NM Curetti)<\/p>\n<p><strong>Caracterizaci\u00f3n de pacientes caninos con defecto epitelial corneal cr\u00f3nico espont\u00e1neo, en la ciudad de Guatemala.<\/strong> (AL Guill\u00e9n, IM Johnston, JR Johnston)<\/p>\n<p><strong>Carcinoma de c\u00e9lulas escamosas en p\u00e1rpado canino, tratado con infiltraciones intralesionales de cisplatino.<\/strong> (IM Johnston, EC \u00c1vila, JR Johnston, AL, Guill\u00e9n)<\/p>\n<p><strong>Celulite orbit\u00e1ria e cegueira ap\u00f3s tratamento periodontal em um c\u00e3o.<\/strong> (JLV Chiurciu, R Magdanelo, MG Sereno, AP Vieira, DN Cremonini)<\/p>\n<p><strong>Dermatitis facial idiop\u00e1tica del gato persa tratada con sirolimus y ciclosporina A t\u00f3pica: reporte de un caso.<\/strong> (J Ocaranza, GA Garc\u00eda)<\/p>\n<p><strong>Disecci\u00f3n de hemangioma estromal mediante queratoplastia lamelar profunda (QLAP) asistido por la t\u00e9cnica big bubble en un paciente canino.<\/strong> (SE Solano, GA Garcia)<\/p>\n<p><strong>Facoemulsificaci\u00f3n e iridociclectom\u00eda a trav\u00e9s de esclerotom\u00eda parcial para escisi\u00f3n quir\u00fargica de tumor iridociliar en perros: reporte de caso.<\/strong> (A Botello, GA Garc\u00eda)<\/p>\n<p><strong>Facolensectom\u00eda para la resoluci\u00f3n quir\u00fargica de pacientes con inestabilidad severa del cristalino. reporte de 2 casos.<\/strong> (CE Aparicio, LF Osorio, LF Bernal, DM Orjuela, BA Guzman)<\/p>\n<p><strong>Flap \u2018letterbox\u2019 como tratamiento de la distrofia endotelial del Boston Terrier.<\/strong> (D Uribe)<\/p>\n<p><strong>Glaucoma secund\u00e1rio \u00e0 necrose de melanocitoma de \u00edris em c\u00e3o: relato de caso.<\/strong> (T Lusa, M Fuga, N Geroldi, LR Mota , JLV Chiurciu)<\/p>\n<p><strong>Identification of microbiome in spider webs found in horse stables, their connection with the animal\u2019s eye surface and potential risks of dissemination.<\/strong> (JS Pereira, NG Pereira, R S Medeiros, G Camargo, MV Rosa, M Rosa, AV Martins)<\/p>\n<p><strong>Incid\u00eancia de doen\u00e7as oft\u00e1lmicas dos Buldogues Franceses e Ingleses atendidos na cl\u00ednica Pet Vision (2013-2024): estudo retrospectivo.<\/strong> (MG Sereno, AP Vieira, JP da Fonseca, DN Cremonini e JLV Chiurciu)<\/p>\n<p><strong>Inje\u00e7\u00e3o intradermal de \u00e1cido hialur\u00f4nico reticulado para corre\u00e7\u00e3o de entr\u00f3pio em felinos.<\/strong> (MG Sereno, DN Cremonini, JLV Chiurciu, APV Pohle)<\/p>\n<p><strong>Manejo quir\u00fargico de cataratas bilaterales con subluxaci\u00f3n del cristalino unilateral en un jaguar (Panthera onca) mediante facoemulsificaci\u00f3n y extracci\u00f3n intracapsular del cristalino.<\/strong> (LF Graciano, LA Vergara, M Pe\u00f1a, M Bedoya, C Cordoba, M Cifuentes, PA Gomez, P Moncada, N Tobon)<\/p>\n\t\t<\/div>\n\t\t\t\t\t<\/div>\n\n\t\n\n\t<div id=\"col-2064073032\" class=\"col medium-6 large-6\"  >\n\t\t\t\t<div class=\"col-inner\"  >\n\t\t\t\n\t\t\t\n<p><strong>Orbiectomia lateral e ostectomia do arco zigom\u00e1tico para o tratamento de sarcoma retrobulbar em um c\u00e3o.<\/strong> (R Magdanelo, JLV Chiurciu, MG Sereno, M Sandrault, AP Vieira, DN Cremonini)<\/p>\n<p><strong>Panuve\u00edtis hemorr\u00e1gica facocl\u00e1stica por E. cuniculi em um canino. Reporte de un caso.<\/strong> (JI Sanabria)<\/p>\n<p><strong>Presencia de Aspergillus spp. en la superficie ocular de equinos: comparaci\u00f3n entre m\u00e9todos de alojamiento y evaluaci\u00f3n del impacto clim\u00e1tico. (<\/strong>H Terziotti, FJ Reynaldi, R Della Vedova; MV Meana, P Cassagne, B Martinelli, P Sande, GL Zapata).<\/p>\n<p><strong>Prevalence of keratoconjunctivitis sicca (KCS) in dogs attended between 2016 and 2023 at Pet Vision in S\u00e3o Paulo, Brazil: a retrospective study.<\/strong> (DN Cremonini, FM Alvarenga, MGA Galego, JLV Chiurciu, MG Sereno, APV Pohle)<\/p>\n<p><strong>Pr\u00f3tese ocular cosm\u00e9tica em felino dom\u00e9stico ap\u00f3s enuclea\u00e7\u00e3o.<\/strong> (DN Cremonini; C Donatti, MG. Sereno, AP Vieira, JLV Chiurciu, R Magdanelo)<\/p>\n<p><strong>Protothecosis: aislamiento desde ganglios perif\u00e9ricos.<\/strong> (S Ramad\u00e1n, L Bulacio, H Dalmasso, G Sep\u00falveda, M Sortino, F Fay, C Misto, MF Salvador, A Etchecopaz, ML Cuestas)<\/p>\n<p><strong>Quiste de inclusi\u00f3n epitelial corneal.<\/strong> (CG Salas)<\/p>\n<p><strong>Quiste dermoide c\u00f3rneo-conjuntival bilateral en un ganso dom\u00e9stico (Anser anser domesticus): reporte de caso.<\/strong> (DD Caroca, EA Costoya, LA Bustos, SM CELIS, NT Diaz, SA Soto, SF Risso)<\/p>\n<p><strong>Rabdomiosarcoma alveolar orbitario con met\u00e1stasis a sistema nervioso en un perro dom\u00e9stico. reporte de caso.<\/strong> (JA Quiroz, EF Ramos, EI Mu\u00f1oz)<\/p>\n<p><strong>Reporte de caso cl\u00ednico: micosis sist\u00e9mica con presentaci\u00f3n ocular y neurol\u00f3gica en un Golden Retriever: desaf\u00edos diagn\u00f3sticos y terap\u00e9uticos. (<\/strong> BBD Guerrero)<\/p>\n<p><strong>Resoluci\u00f3n no quir\u00fargica de un iridocele usando plasma atmosf\u00e9rico fr\u00edo.<\/strong> (LV Linares, AM Cordero)<\/p>\n<p><strong>Restauraci\u00f3n corneal de espesor completo con injertos biol\u00f3gicos en gato con secuestro corneal.<\/strong> (MS Monroy Hern\u00e1ndez, J P\u00e9rez Lozano, AL Mart\u00ednez Arias)<\/p>\n<p><strong>Resultado visual postoperatorio alargoplazo en perros sometidos a faco emulsificaci\u00f3n: estudio retrospectivo 2016\u20132025.<\/strong> (CE Aparicio; LF Bernal; LF Osorio, DM Orjuela, BA Guzman)<\/p>\n<p><strong>Transplante de c\u00f3rnea bovina congelada em um c\u00e3o com iridocele: relato de caso.<\/strong> (NMB Dower, LG Vieira, TLT Gon\u00e7alves, I Toniolo, MMR Deus)<\/p>\n<p><strong>Trasplante de cornea congelada heter\u00f3loga por perforaci\u00f3n corneal a causa de un secuestro corneal felino. reporte de caso.<\/strong> (IM Johnston, JR Johnston, AL, Guill\u00e9n)<\/p>\n<p><strong>Tumores corneales en perros; Bogot\u00e1, Colombia: estudio retrospectivo (2016-2025).<\/strong> (LF Osorio, CE Aparicio, LF Bernal, DM Orjuela, BA Guzm\u00e1n)<\/p>\n<p><strong>Uso da c\u00f3rnea de Tambaqui (Colossoma macropomum) preservada em glicerina para a repara\u00e7\u00e3o corneana em c\u00e3es.<\/strong> (MG Sereno, FN Silva, APV Pohle, DN Cremonini, JLV Chiurciu, CB Barbosa, FLC Brito)<\/p>\n<p><strong>Uso de la impresi\u00f3n 3D en la elaboraci\u00f3n de pr\u00f3tesis intraesclerales de resina en 20 ojos de caninos con glaucoma cr\u00f3nico no visual 2018 \u2013 2025.<\/strong> (LR Melgar)<\/p>\n<p><strong>Uso de polidocanol al 1% en un perro: reporte de caso.<\/strong><br \/>(AP Margay, A Botello, GA Garc\u00eda)<\/p>\n<p><strong>Uso del Interfer\u00f3n alfa-2B en cornea para el tratamiento de carcinoma de c\u00e9lulas escamosas (CCE) en perros: reporte de 5 casos.<\/strong> (CE Ram\u00edrez, A Botello, GA Garc\u00eda)<\/p>\n<p><strong>Vitrectom\u00eda y retinopexia via pars plana para corregir desprendimiento regmat\u00f3geno de retina post- facoemulsificaci\u00f3n: reporte de caso.<\/strong> (A S\u00e1nchez, V Sober\u00f3n, A Botello , GA Garc\u00eda)<\/p>\n\t\t<\/div>\n\t\t\t\t\t<\/div>\n\n\t\n<\/div>\n\t<div id=\"gap-178155162\" class=\"gap-element clearfix\" style=\"display:block; height:auto;\">\n\t\t\n<style>\n#gap-178155162 {\n  padding-top: 70px;\n}\n<\/style>\n\t<\/div>\n\t\n","protected":false},"excerpt":{"rendered":"<p>Resumenes | Resumos<\/p>\n","protected":false},"author":1,"featured_media":8690,"parent":0,"menu_order":0,"comment_status":"open","ping_status":"open","template":"page-blank-title-center.php","meta":{"footnotes":""},"class_list":["post-8695","page","type-page","status-publish","has-post-thumbnail","hentry"],"yoast_head":"<!-- This site is optimized with the Yoast SEO plugin v25.9 - https:\/\/yoast.com\/wordpress\/plugins\/seo\/ -->\n<title>12\u00ba Congresso, M\u00e9rida, Yucat\u00e1n, M\u00e9xico. Junho de 2025. - CLOVE<\/title>\n<meta name=\"robots\" content=\"index, follow, max-snippet:-1, max-image-preview:large, max-video-preview:-1\" \/>\n<link rel=\"canonical\" href=\"https:\/\/cloveonline.com\/?page_id=8695&lang=pt\" \/>\n<meta property=\"og:locale\" content=\"pt_BR\" \/>\n<meta property=\"og:type\" content=\"article\" \/>\n<meta property=\"og:title\" content=\"12\u00ba Congresso, M\u00e9rida, Yucat\u00e1n, M\u00e9xico. Junho de 2025. - CLOVE\" \/>\n<meta property=\"og:description\" content=\"Resumenes | Resumos\" \/>\n<meta property=\"og:url\" content=\"https:\/\/cloveonline.com\/?page_id=8695&amp;lang=pt\" \/>\n<meta property=\"og:site_name\" content=\"CLOVE\" \/>\n<meta property=\"article:modified_time\" content=\"2025-09-17T12:10:57+00:00\" \/>\n<meta property=\"og:image\" content=\"https:\/\/cloveonline.com\/wp-content\/uploads\/2025\/08\/2025Merida01.jpg\" \/>\n\t<meta property=\"og:image:width\" content=\"1400\" \/>\n\t<meta property=\"og:image:height\" content=\"904\" \/>\n\t<meta property=\"og:image:type\" content=\"image\/jpeg\" \/>\n<meta name=\"twitter:card\" content=\"summary_large_image\" \/>\n<meta name=\"twitter:label1\" content=\"Est. tempo de leitura\" \/>\n\t<meta name=\"twitter:data1\" content=\"3 minutos\" \/>\n<script type=\"application\/ld+json\" class=\"yoast-schema-graph\">{\"@context\":\"https:\/\/schema.org\",\"@graph\":[{\"@type\":\"WebPage\",\"@id\":\"https:\/\/cloveonline.com\/?page_id=8695&lang=pt\",\"url\":\"https:\/\/cloveonline.com\/?page_id=8695&lang=pt\",\"name\":\"12\u00ba Congresso, M\u00e9rida, Yucat\u00e1n, M\u00e9xico. Junho de 2025. - CLOVE\",\"isPartOf\":{\"@id\":\"https:\/\/cloveonline.com\/#website\"},\"primaryImageOfPage\":{\"@id\":\"https:\/\/cloveonline.com\/?page_id=8695&lang=pt#primaryimage\"},\"image\":{\"@id\":\"https:\/\/cloveonline.com\/?page_id=8695&lang=pt#primaryimage\"},\"thumbnailUrl\":\"https:\/\/cloveonline.com\/wp-content\/uploads\/2025\/08\/2025Merida01.jpg\",\"datePublished\":\"2025-08-18T15:58:56+00:00\",\"dateModified\":\"2025-09-17T12:10:57+00:00\",\"breadcrumb\":{\"@id\":\"https:\/\/cloveonline.com\/?page_id=8695&lang=pt#breadcrumb\"},\"inLanguage\":\"pt-BR\",\"potentialAction\":[{\"@type\":\"ReadAction\",\"target\":[\"https:\/\/cloveonline.com\/?page_id=8695&lang=pt\"]}]},{\"@type\":\"ImageObject\",\"inLanguage\":\"pt-BR\",\"@id\":\"https:\/\/cloveonline.com\/?page_id=8695&lang=pt#primaryimage\",\"url\":\"https:\/\/cloveonline.com\/wp-content\/uploads\/2025\/08\/2025Merida01.jpg\",\"contentUrl\":\"https:\/\/cloveonline.com\/wp-content\/uploads\/2025\/08\/2025Merida01.jpg\",\"width\":1400,\"height\":904},{\"@type\":\"BreadcrumbList\",\"@id\":\"https:\/\/cloveonline.com\/?page_id=8695&lang=pt#breadcrumb\",\"itemListElement\":[{\"@type\":\"ListItem\",\"position\":1,\"name\":\"Portada\",\"item\":\"https:\/\/cloveonline.com\/\"},{\"@type\":\"ListItem\",\"position\":2,\"name\":\"12\u00ba Congresso, M\u00e9rida, Yucat\u00e1n, M\u00e9xico. Junho de 2025.\"}]},{\"@type\":\"WebSite\",\"@id\":\"https:\/\/cloveonline.com\/#website\",\"url\":\"https:\/\/cloveonline.com\/\",\"name\":\"CLOVE\",\"description\":\"Colegio Latinoamericano de Oftalm\u00f3logos Veterinarios\",\"potentialAction\":[{\"@type\":\"SearchAction\",\"target\":{\"@type\":\"EntryPoint\",\"urlTemplate\":\"https:\/\/cloveonline.com\/?s={search_term_string}\"},\"query-input\":{\"@type\":\"PropertyValueSpecification\",\"valueRequired\":true,\"valueName\":\"search_term_string\"}}],\"inLanguage\":\"pt-BR\"}]}<\/script>\n<!-- \/ Yoast SEO plugin. -->","yoast_head_json":{"title":"12\u00ba Congresso, M\u00e9rida, Yucat\u00e1n, M\u00e9xico. Junho de 2025. - CLOVE","robots":{"index":"index","follow":"follow","max-snippet":"max-snippet:-1","max-image-preview":"max-image-preview:large","max-video-preview":"max-video-preview:-1"},"canonical":"https:\/\/cloveonline.com\/?page_id=8695&lang=pt","og_locale":"pt_BR","og_type":"article","og_title":"12\u00ba Congresso, M\u00e9rida, Yucat\u00e1n, M\u00e9xico. Junho de 2025. - CLOVE","og_description":"Resumenes | Resumos","og_url":"https:\/\/cloveonline.com\/?page_id=8695&lang=pt","og_site_name":"CLOVE","article_modified_time":"2025-09-17T12:10:57+00:00","og_image":[{"width":1400,"height":904,"url":"https:\/\/cloveonline.com\/wp-content\/uploads\/2025\/08\/2025Merida01.jpg","type":"image\/jpeg"}],"twitter_card":"summary_large_image","twitter_misc":{"Est. tempo de leitura":"3 minutos"},"schema":{"@context":"https:\/\/schema.org","@graph":[{"@type":"WebPage","@id":"https:\/\/cloveonline.com\/?page_id=8695&lang=pt","url":"https:\/\/cloveonline.com\/?page_id=8695&lang=pt","name":"12\u00ba Congresso, M\u00e9rida, Yucat\u00e1n, M\u00e9xico. Junho de 2025. - CLOVE","isPartOf":{"@id":"https:\/\/cloveonline.com\/#website"},"primaryImageOfPage":{"@id":"https:\/\/cloveonline.com\/?page_id=8695&lang=pt#primaryimage"},"image":{"@id":"https:\/\/cloveonline.com\/?page_id=8695&lang=pt#primaryimage"},"thumbnailUrl":"https:\/\/cloveonline.com\/wp-content\/uploads\/2025\/08\/2025Merida01.jpg","datePublished":"2025-08-18T15:58:56+00:00","dateModified":"2025-09-17T12:10:57+00:00","breadcrumb":{"@id":"https:\/\/cloveonline.com\/?page_id=8695&lang=pt#breadcrumb"},"inLanguage":"pt-BR","potentialAction":[{"@type":"ReadAction","target":["https:\/\/cloveonline.com\/?page_id=8695&lang=pt"]}]},{"@type":"ImageObject","inLanguage":"pt-BR","@id":"https:\/\/cloveonline.com\/?page_id=8695&lang=pt#primaryimage","url":"https:\/\/cloveonline.com\/wp-content\/uploads\/2025\/08\/2025Merida01.jpg","contentUrl":"https:\/\/cloveonline.com\/wp-content\/uploads\/2025\/08\/2025Merida01.jpg","width":1400,"height":904},{"@type":"BreadcrumbList","@id":"https:\/\/cloveonline.com\/?page_id=8695&lang=pt#breadcrumb","itemListElement":[{"@type":"ListItem","position":1,"name":"Portada","item":"https:\/\/cloveonline.com\/"},{"@type":"ListItem","position":2,"name":"12\u00ba Congresso, M\u00e9rida, Yucat\u00e1n, M\u00e9xico. Junho de 2025."}]},{"@type":"WebSite","@id":"https:\/\/cloveonline.com\/#website","url":"https:\/\/cloveonline.com\/","name":"CLOVE","description":"Colegio Latinoamericano de Oftalm\u00f3logos Veterinarios","potentialAction":[{"@type":"SearchAction","target":{"@type":"EntryPoint","urlTemplate":"https:\/\/cloveonline.com\/?s={search_term_string}"},"query-input":{"@type":"PropertyValueSpecification","valueRequired":true,"valueName":"search_term_string"}}],"inLanguage":"pt-BR"}]}},"_links":{"self":[{"href":"https:\/\/cloveonline.com\/index.php?rest_route=\/wp\/v2\/pages\/8695","targetHints":{"allow":["GET"]}}],"collection":[{"href":"https:\/\/cloveonline.com\/index.php?rest_route=\/wp\/v2\/pages"}],"about":[{"href":"https:\/\/cloveonline.com\/index.php?rest_route=\/wp\/v2\/types\/page"}],"author":[{"embeddable":true,"href":"https:\/\/cloveonline.com\/index.php?rest_route=\/wp\/v2\/users\/1"}],"replies":[{"embeddable":true,"href":"https:\/\/cloveonline.com\/index.php?rest_route=%2Fwp%2Fv2%2Fcomments&post=8695"}],"version-history":[{"count":5,"href":"https:\/\/cloveonline.com\/index.php?rest_route=\/wp\/v2\/pages\/8695\/revisions"}],"predecessor-version":[{"id":8957,"href":"https:\/\/cloveonline.com\/index.php?rest_route=\/wp\/v2\/pages\/8695\/revisions\/8957"}],"wp:featuredmedia":[{"embeddable":true,"href":"https:\/\/cloveonline.com\/index.php?rest_route=\/wp\/v2\/media\/8690"}],"wp:attachment":[{"href":"https:\/\/cloveonline.com\/index.php?rest_route=%2Fwp%2Fv2%2Fmedia&parent=8695"}],"curies":[{"name":"wp","href":"https:\/\/api.w.org\/{rel}","templated":true}]}}