{"id":9039,"date":"2026-03-07T10:15:35","date_gmt":"2026-03-07T13:15:35","guid":{"rendered":"https:\/\/cloveonline.com\/?post_type=product&#038;p=9039"},"modified":"2026-04-22T16:32:43","modified_gmt":"2026-04-22T19:32:43","slug":"webinar-actualizacion-en-manejo-de-problemas-palpebrales","status":"publish","type":"product","link":"https:\/\/cloveonline.com\/?product=webinar-actualizacion-en-manejo-de-problemas-palpebrales","title":{"rendered":"Taller Webinar CLOVE &#8211; Actualizaci\u00f3n en manejo de problemas palpebrales."},"content":{"rendered":"<div class=\"row row-small\"  id=\"row-1172482981\">\n\n\t<div id=\"col-687624222\" class=\"col medium-6 small-12 large-6\"  >\n\t\t\t\t<div class=\"col-inner\"  >\n\t\t\t\n\t\t\t\n\t<div class=\"img has-hover x md-x lg-x y md-y lg-y\" id=\"image_8418126\">\n\t\t\t\t\t\t\t\t<div class=\"img-inner dark\" >\n\t\t\t<img loading=\"lazy\" decoding=\"async\" width=\"1020\" height=\"642\" src=\"https:\/\/cloveonline.com\/wp-content\/uploads\/2026\/03\/20260310-CLOVEWebanrEsEsquerdo-1024x645.png\" class=\"attachment-large size-large\" alt=\"\" srcset=\"https:\/\/cloveonline.com\/wp-content\/uploads\/2026\/03\/20260310-CLOVEWebanrEsEsquerdo-1024x645.png 1024w, https:\/\/cloveonline.com\/wp-content\/uploads\/2026\/03\/20260310-CLOVEWebanrEsEsquerdo-300x189.png 300w, https:\/\/cloveonline.com\/wp-content\/uploads\/2026\/03\/20260310-CLOVEWebanrEsEsquerdo-768x484.png 768w, https:\/\/cloveonline.com\/wp-content\/uploads\/2026\/03\/20260310-CLOVEWebanrEsEsquerdo-1536x967.png 1536w, https:\/\/cloveonline.com\/wp-content\/uploads\/2026\/03\/20260310-CLOVEWebanrEsEsquerdo-510x321.png 510w, https:\/\/cloveonline.com\/wp-content\/uploads\/2026\/03\/20260310-CLOVEWebanrEsEsquerdo.png 2037w\" sizes=\"auto, (max-width: 1020px) 100vw, 1020px\" \/>\t\t\t\t\t\t\n\t\t\t\t\t<\/div>\n\t\t\t\t\t\t\t\t\n<style>\n#image_8418126 {\n  width: 100%;\n}\n<\/style>\n\t<\/div>\n\t\n\t\t<\/div>\n\t\t\t\t\t<\/div>\n\n\t\n\n\t<div id=\"col-126891204\" class=\"col medium-6 small-12 large-6\"  >\n\t\t\t\t<div class=\"col-inner\"  >\n\t\t\t\n\t\t\t\n<p>CLOVE presenta el primer taller de una nueva serie de actualizaciones cortas, pr\u00e1cticas y de alto impacto en Oftalmolog\u00eda Veterinaria. Un evento dise\u00f1ado para brindar herramientas cl\u00ednicas concretas que podr\u00e1s aplicar inmediatamente en tu pr\u00e1ctica diaria.<\/p>\n<p>El taller estar\u00e1 dividido en 3 charlas principales y una mesa redonda interactiva:<br \/>\n&#8211; <strong>Manifestaciones palpebrales de enfermedades sist\u00e9micas<\/strong> | Dr. Fred Pineda, DCLOVE;<br \/>\n&#8211; <strong>Manejo de agenesias palpebrales<\/strong> | Dr. Andr\u00e9s Botello, DCLOVE;<br \/>\n&#8211; <strong>Neoplasias palpebrales en caninos, felinos y equinos<\/strong> | Dra. Aytzee Pi\u00f1\u00f3n, DCLOVE &amp; Dr. Jos\u00e9 Sanabria, DCLOVE;<br \/>\n&#8211; <strong>Mesa Redonda<\/strong> | Manejo de laceraciones palpebrales. Un pool de casos cl\u00ednicos reales con discusi\u00f3n abierta sobre m\u00faltiples abordajes quir\u00fargicos y estrategias de resoluci\u00f3n. Ideal para m\u00e9dicos veterinarios, residentes y especialistas que buscan fortalecer su criterio cl\u00ednico y quir\u00fargico en patolog\u00eda palpebral.<\/p>\n\t\t<\/div>\n\t\t\t\t\t<\/div>\n\n\t\n<\/div>\n\t<div id=\"gap-171971507\" class=\"gap-element clearfix\" style=\"display:block; height:auto;\">\n\t\t\n<style>\n#gap-171971507 {\n  padding-top: 70px;\n}\n<\/style>\n\t<\/div>\n\t\n","protected":false},"excerpt":{"rendered":"<h3 style=\"text-align: left;\"><span style=\"text-decoration: underline;\"><strong>S\u00e1bado 9 de Mayo.<\/strong><\/span><\/h3>\n<h4 style=\"text-align: left;\"><strong>08:00AM &#8211; 12:00PM M\u00e9xico (UTC-6)<\/strong><br \/>\n<strong>11:00AM &#8211; 3:00PM Argentina\/Brasil (UTC-3)<br \/>\n<\/strong><\/h4>\n<h5>&#8211; Manifestaciones palpebrales enfermedades sist\u00e9micas;<br \/>\n&#8211; Manejo de agenesias palpebrales;<br \/>\n&#8211; Neoplasias palpebrales en caninos, felinos y equinos;<br \/>\n&#8211; Mesa redonda: Manejo de laceraciones palpebrales.<\/h5>\n<p>&nbsp;<\/p>\n<p>&nbsp;<\/p>\n","protected":false},"featured_media":0,"template":"","meta":[],"product_brand":[],"product_cat":[156],"product_tag":[],"class_list":{"0":"post-9039","1":"product","2":"type-product","3":"status-publish","5":"product_cat-curso-online","7":"first","8":"instock","9":"shipping-taxable","10":"purchasable","11":"product-type-simple"},"yoast_head":"<!-- This site is optimized with the Yoast SEO plugin v25.9 - https:\/\/yoast.com\/wordpress\/plugins\/seo\/ -->\n<title>Taller Webinar CLOVE - Actualizaci\u00f3n en manejo de problemas palpebrales. - CLOVE<\/title>\n<meta name=\"robots\" content=\"index, follow, max-snippet:-1, max-image-preview:large, max-video-preview:-1\" \/>\n<link rel=\"canonical\" href=\"https:\/\/cloveonline.com\/?product=webinar-actualizacion-en-manejo-de-problemas-palpebrales\" \/>\n<meta property=\"og:locale\" content=\"pt_BR\" \/>\n<meta property=\"og:type\" content=\"article\" \/>\n<meta property=\"og:title\" content=\"Taller Webinar CLOVE - Actualizaci\u00f3n en manejo de problemas palpebrales. - CLOVE\" \/>\n<meta property=\"og:description\" content=\"S\u00e1bado 9 de Mayo. 08:00AM - 12:00PM M\u00e9xico (UTC-6) 11:00AM - 3:00PM Argentina\/Brasil (UTC-3)  - Manifestaciones palpebrales enfermedades sist\u00e9micas; - Manejo de agenesias palpebrales; - Neoplasias palpebrales en caninos, felinos y equinos; - Mesa redonda: Manejo de laceraciones palpebrales. &nbsp;  &nbsp;\" \/>\n<meta property=\"og:url\" content=\"https:\/\/cloveonline.com\/?product=webinar-actualizacion-en-manejo-de-problemas-palpebrales\" \/>\n<meta property=\"og:site_name\" content=\"CLOVE\" \/>\n<meta property=\"article:modified_time\" content=\"2026-04-22T19:32:43+00:00\" \/>\n<meta name=\"twitter:card\" content=\"summary_large_image\" \/>\n<meta name=\"twitter:label1\" content=\"Est. tempo de leitura\" \/>\n\t<meta name=\"twitter:data1\" content=\"1 minuto\" \/>\n<script type=\"application\/ld+json\" class=\"yoast-schema-graph\">{\"@context\":\"https:\/\/schema.org\",\"@graph\":[{\"@type\":\"WebPage\",\"@id\":\"https:\/\/cloveonline.com\/?product=webinar-actualizacion-en-manejo-de-problemas-palpebrales\",\"url\":\"https:\/\/cloveonline.com\/?product=webinar-actualizacion-en-manejo-de-problemas-palpebrales\",\"name\":\"Taller Webinar CLOVE - Actualizaci\u00f3n en manejo de problemas palpebrales. - CLOVE\",\"isPartOf\":{\"@id\":\"https:\/\/cloveonline.com\/#website\"},\"datePublished\":\"2026-03-07T13:15:35+00:00\",\"dateModified\":\"2026-04-22T19:32:43+00:00\",\"breadcrumb\":{\"@id\":\"https:\/\/cloveonline.com\/?product=webinar-actualizacion-en-manejo-de-problemas-palpebrales#breadcrumb\"},\"inLanguage\":\"pt-BR\",\"potentialAction\":[{\"@type\":\"ReadAction\",\"target\":[\"https:\/\/cloveonline.com\/?product=webinar-actualizacion-en-manejo-de-problemas-palpebrales\"]}]},{\"@type\":\"BreadcrumbList\",\"@id\":\"https:\/\/cloveonline.com\/?product=webinar-actualizacion-en-manejo-de-problemas-palpebrales#breadcrumb\",\"itemListElement\":[{\"@type\":\"ListItem\",\"position\":1,\"name\":\"Portada\",\"item\":\"https:\/\/cloveonline.com\/\"},{\"@type\":\"ListItem\",\"position\":2,\"name\":\"Productos\",\"item\":\"https:\/\/cloveonline.com\/?post_type=product\"},{\"@type\":\"ListItem\",\"position\":3,\"name\":\"Taller Webinar CLOVE &#8211; Actualizaci\u00f3n en manejo de problemas palpebrales.\"}]},{\"@type\":\"WebSite\",\"@id\":\"https:\/\/cloveonline.com\/#website\",\"url\":\"https:\/\/cloveonline.com\/\",\"name\":\"CLOVE\",\"description\":\"Colegio Latinoamericano de Oftalm\u00f3logos Veterinarios\",\"potentialAction\":[{\"@type\":\"SearchAction\",\"target\":{\"@type\":\"EntryPoint\",\"urlTemplate\":\"https:\/\/cloveonline.com\/?s={search_term_string}\"},\"query-input\":{\"@type\":\"PropertyValueSpecification\",\"valueRequired\":true,\"valueName\":\"search_term_string\"}}],\"inLanguage\":\"pt-BR\"}]}<\/script>\n<!-- \/ Yoast SEO plugin. -->","yoast_head_json":{"title":"Taller Webinar CLOVE - Actualizaci\u00f3n en manejo de problemas palpebrales. - CLOVE","robots":{"index":"index","follow":"follow","max-snippet":"max-snippet:-1","max-image-preview":"max-image-preview:large","max-video-preview":"max-video-preview:-1"},"canonical":"https:\/\/cloveonline.com\/?product=webinar-actualizacion-en-manejo-de-problemas-palpebrales","og_locale":"pt_BR","og_type":"article","og_title":"Taller Webinar CLOVE - Actualizaci\u00f3n en manejo de problemas palpebrales. - CLOVE","og_description":"S\u00e1bado 9 de Mayo. 08:00AM - 12:00PM M\u00e9xico (UTC-6) 11:00AM - 3:00PM Argentina\/Brasil (UTC-3)  - Manifestaciones palpebrales enfermedades sist\u00e9micas; - Manejo de agenesias palpebrales; - Neoplasias palpebrales en caninos, felinos y equinos; - Mesa redonda: Manejo de laceraciones palpebrales. &nbsp;  &nbsp;","og_url":"https:\/\/cloveonline.com\/?product=webinar-actualizacion-en-manejo-de-problemas-palpebrales","og_site_name":"CLOVE","article_modified_time":"2026-04-22T19:32:43+00:00","twitter_card":"summary_large_image","twitter_misc":{"Est. tempo de leitura":"1 minuto"},"schema":{"@context":"https:\/\/schema.org","@graph":[{"@type":"WebPage","@id":"https:\/\/cloveonline.com\/?product=webinar-actualizacion-en-manejo-de-problemas-palpebrales","url":"https:\/\/cloveonline.com\/?product=webinar-actualizacion-en-manejo-de-problemas-palpebrales","name":"Taller Webinar CLOVE - Actualizaci\u00f3n en manejo de problemas palpebrales. - CLOVE","isPartOf":{"@id":"https:\/\/cloveonline.com\/#website"},"datePublished":"2026-03-07T13:15:35+00:00","dateModified":"2026-04-22T19:32:43+00:00","breadcrumb":{"@id":"https:\/\/cloveonline.com\/?product=webinar-actualizacion-en-manejo-de-problemas-palpebrales#breadcrumb"},"inLanguage":"pt-BR","potentialAction":[{"@type":"ReadAction","target":["https:\/\/cloveonline.com\/?product=webinar-actualizacion-en-manejo-de-problemas-palpebrales"]}]},{"@type":"BreadcrumbList","@id":"https:\/\/cloveonline.com\/?product=webinar-actualizacion-en-manejo-de-problemas-palpebrales#breadcrumb","itemListElement":[{"@type":"ListItem","position":1,"name":"Portada","item":"https:\/\/cloveonline.com\/"},{"@type":"ListItem","position":2,"name":"Productos","item":"https:\/\/cloveonline.com\/?post_type=product"},{"@type":"ListItem","position":3,"name":"Taller Webinar CLOVE &#8211; Actualizaci\u00f3n en manejo de problemas palpebrales."}]},{"@type":"WebSite","@id":"https:\/\/cloveonline.com\/#website","url":"https:\/\/cloveonline.com\/","name":"CLOVE","description":"Colegio Latinoamericano de Oftalm\u00f3logos Veterinarios","potentialAction":[{"@type":"SearchAction","target":{"@type":"EntryPoint","urlTemplate":"https:\/\/cloveonline.com\/?s={search_term_string}"},"query-input":{"@type":"PropertyValueSpecification","valueRequired":true,"valueName":"search_term_string"}}],"inLanguage":"pt-BR"}]}},"_links":{"self":[{"href":"https:\/\/cloveonline.com\/index.php?rest_route=\/wp\/v2\/product\/9039","targetHints":{"allow":["GET"]}}],"collection":[{"href":"https:\/\/cloveonline.com\/index.php?rest_route=\/wp\/v2\/product"}],"about":[{"href":"https:\/\/cloveonline.com\/index.php?rest_route=\/wp\/v2\/types\/product"}],"wp:attachment":[{"href":"https:\/\/cloveonline.com\/index.php?rest_route=%2Fwp%2Fv2%2Fmedia&parent=9039"}],"wp:term":[{"taxonomy":"product_brand","embeddable":true,"href":"https:\/\/cloveonline.com\/index.php?rest_route=%2Fwp%2Fv2%2Fproduct_brand&post=9039"},{"taxonomy":"product_cat","embeddable":true,"href":"https:\/\/cloveonline.com\/index.php?rest_route=%2Fwp%2Fv2%2Fproduct_cat&post=9039"},{"taxonomy":"product_tag","embeddable":true,"href":"https:\/\/cloveonline.com\/index.php?rest_route=%2Fwp%2Fv2%2Fproduct_tag&post=9039"}],"curies":[{"name":"wp","href":"https:\/\/api.w.org\/{rel}","templated":true}]}}